
2
Let p = -58 - -68. Let g(h) = -h**3 + 11*h**2 - 5*h + 1. What is the units digit of g(p)?
1
Let u(q) be the second derivative of q**5/20 + q**4/2 + q**3/3 - q**2/2 - q. Let o be u(-4). Let k = o + 34. What is the units digit of k?
7
Let g = 32 - 38. What is the units digit of 5/7 - g/21?
1
Suppose -s - 5 = 3*w, 7 = -9*w + 8*w + s. Let i(c) = c**2 - 4 + 5 - 4*c - 2. What is the units digit of i(w)?
0
Let g(b) = -14*b - 1. Let p be g(-1). Let y = 30 - p. Suppose 0 = -d + 3 + y. What is the tens digit of d?
2
Let w = -509 - -1579. What is the thousands digit of w?
1
Let n(l) = 21*l**2 - l + 6. Suppose 2*o + 5*m - 9 = 0, 2*o - 5*m - 1 = -2. What is the tens digit of n(o)?
8
Let w(b) = -621*b + 14. What is the units digit of w(-3)?
7
Suppose 4*a + n = -12, -4*n + 9*n + 20 = 0. Let s = 13 + -9. What is the tens digit of s/(-2) + (-78)/a?
3
Let p be (10 - 5) + 0/(-1). Suppose -p*n + 3*z = -392, 34 = -n - z + 114. What is the tens digit of n?
7
Let m(b) = -b**2 + 56*b + 17. What is the hundreds digit of m(52)?
2
Let g(v) = v**3 - 3*v**2 + 10*v + 3. What is the tens digit of g(5)?
0
Suppose 7*o = -3*o + 5850. What is the units digit of o?
5
Let d = 3684 + -2797. What is the tens digit of d?
8
Suppose b - 4*x = 500, b - 275 = -4*x + 257. What is the hundreds digit of b?
5
Let b be (-1700)/70 + 2/7. Let c = b + 51. Suppose 5*l = a - 29, -a + c = -l + 2. What is the units digit of a?
4
Let q be ((-3)/(27/(-12)))/(4/6). What is the tens digit of 80*(2 - q*(-3)/(-6))?
8
Suppose 4 = 5*x - 6. Let n be 150 - (-3 + -1)/x. Let g = n - 93. What is the tens digit of g?
5
Let k be (-66)/10 + 7 - 96/(-10). What is the units digit of 1326/k + (-57)/95?
2
Suppose -4*y + 772 = 4*a, y + 4*a - 175 - 9 = 0. What is the hundreds digit of y?
1
Let d(k) = -106*k - 75. What is the units digit of d(-11)?
1
Let m be (-4)/14 - 115/(-35). Let d(u) = -88*u**3 + 2*u**2 + 2*u + 1. Let h be d(-1). Suppose -m*w = -230 + h. What is the tens digit of w?
4
Suppose 2*n + 5*t = n + 20, 0 = -2*n - t + 13. Suppose n*m - 744 = -154. What is the tens digit of m?
1
Let z be (5/2)/(2/20). Suppose 0 = 2*y - 0*y - 5*k - 25, -z = 3*y + 5*k. Suppose 4*r = -y*r + 96. What is the units digit of r?
4
Suppose l = 4*l - 5*m - 70, 3*m = 5*l - 122. Suppose -l = 7*c - 95. What is the tens digit of c?
1
What is the units digit of 8/(-22) - (-154170)/165?
4
Suppose 16*d - t = 14*d + 5483, -d = 2*t - 2734. What is the thousands digit of d?
2
Suppose -25 = 4*m - 5, 3*f - 4*m = 35. What is the tens digit of ((-6)/f)/((-8)/220)?
3
Let w(p) = -20*p - 19*p + 10 + 33*p. What is the units digit of w(-5)?
0
Let j(u) = 5 + 5 - 3 - 4 - 7*u - 2*u**2. Let m be j(-6). Let a = 48 + m. What is the tens digit of a?
2
Let j = -24 - -26. Suppose 3*b - 139 = -5*i, 3*b + 37 = i + j. What is the units digit of i?
9
Let r(c) = 85*c + 316. Let m(a) = 17*a + 63. Let i(u) = 11*m(u) - 2*r(u). What is the units digit of i(9)?
4
What is the units digit of 250*2/(-2)*(7 - 11)?
0
Suppose -4*z = 2*g - 326, -4*g + 751 = 3*z + 119. Suppose -5*h = -0*h - g. What is the tens digit of h?
3
Let u = 5 - 3. Suppose b = u - 23. Let z = 2 - b. What is the units digit of z?
3
Let b(i) = 2*i**3 - 6*i**2 - 10*i - 12. Let c be b(8). What is the tens digit of c/6*(-27)/(-18)?
3
Suppose 2*i = i + 5. Let g(j) = 4*j + 0*j - 2*j + i + 4. What is the units digit of g(4)?
7
Let g(h) = 2*h**2 + 5*h - 10. Suppose 5*v + 5*o = 0, 7*o = -2*v + 4*o - 2. Suppose v*y - 15 = 3*i + y, -i - 5 = y. What is the tens digit of g(i)?
1
Let t be 1/((-42)/(-44) + -1). Let x = -151 - -190. Let f = t + x. What is the tens digit of f?
1
Suppose -2*d = w - 153, d - 44 = 4*w + 19. Let i = d + -47. What is the units digit of i?
8
Let w(t) = 13*t - 30. Let h = 108 + -92. What is the units digit of w(h)?
8
Let l(t) = 235*t + 325. What is the hundreds digit of l(12)?
1
Let o(s) = -1. Let i(c) = 3*c - 3. Let b(m) = -i(m) + o(m). What is the tens digit of b(-11)?
3
Let i(r) = 20*r + 70. What is the hundreds digit of i(12)?
3
Suppose 0 = -233*o + 223*o + 50990. What is the tens digit of o?
9
Suppose 2*j = 7*j + 355. Let q = 159 + j. What is the tens digit of q?
8
Let r be (0 + 0/(-4))/(-4). Suppose -2*c + c + 32 = r. Suppose c = -4*p + 5*p. What is the tens digit of p?
3
Suppose 0*g - g - 5*s - 29 = 0, -3*g - 3*s = 39. Let i = -6 - g. Suppose -10 + 163 = i*u. What is the units digit of u?
1
Let r(f) = -f**2 - 27*f - 30. Let h = -45 + 33. What is the tens digit of r(h)?
5
Let g = 724 - 54. What is the units digit of g?
0
Let k(x) = x**2 - 20*x - 85. What is the units digit of k(-11)?
6
Let a(f) = f**2 + 12*f + 6. What is the hundreds digit of a(25)?
9
Let v(g) = 51*g - 15. Let l(b) = b - 1. Let o(h) = 18*l(h) - v(h). Let a be o(-5). Suppose n - a = -2*n. What is the tens digit of n?
5
Let q(h) = -h. Let w be q(-5). Let l = w - 5. Suppose -2*y = -r + 22 - 1, l = -5*r - 2*y + 141. What is the units digit of r?
7
Let k be 40 + 1*6/(-3). Let v be (4 + 122/(-2))*-1. Let y = v - k. What is the units digit of y?
9
Let p(r) = 42*r + 383. What is the units digit of p(29)?
1
Suppose 4010 + 3053 = 5*u - f, 7069 = 5*u + 2*f. What is the tens digit of u?
1
Suppose -15 = -4*m + 9. What is the units digit of (2/m)/(10/90)?
3
Let b(f) = -f - 4. Let w be b(-2). What is the tens digit of (-315)/(-2) - (w + 3/6)?
5
Suppose 13445 = 5*q - 4*x, 4*q - 5*x - 10767 = -4*x. What is the units digit of q?
3
Suppose 1844 = -2*m + 6*m - 5*u, -3*m - 2*u + 1406 = 0. What is the units digit of m?
6
Suppose 4359 = c + 2*m, 2*c - 10*m = -13*m + 8722. What is the tens digit of c?
6
Let r(x) = x**3 + 6*x**2 + 3. Let v be r(-6). Suppose 0 = v*m + 68 - 458. What is the units digit of (m/40)/(2/8)?
3
Let d(q) = 152*q**2 - 5*q. Let b(g) = -38*g**2 + g. Let i(s) = -9*b(s) - 2*d(s). Suppose 4 = 2*c + 6. What is the tens digit of i(c)?
3
Let i = 15 + -5. Let k(t) = -5*t + 19. Let l(w) = -5*w + 20. Let c(m) = 3*k(m) - 4*l(m). What is the tens digit of c(i)?
2
Let m be (-763)/(-4) - (-4)/16. Suppose 3*n - m = 5*x - 3*x, 4*n = -2*x + 250. What is the tens digit of n?
6
Let m be (7/(14/(-4)))/(4/(-18)). Suppose -85 + 229 = m*z. What is the tens digit of z?
1
Suppose -4*h + 10*h = 0. Suppose -2*v + 752 = 5*p, -4*p + 2*v + 616 = -h*p. What is the tens digit of p?
5
Let x(s) = s**3 + 33*s**2 + 53*s + 121. What is the units digit of x(-31)?
0
Suppose p = -3*p + 3*q + 133, -5*p + 4*q + 167 = 0. Let k(f) = 2*f**2 - 1. Let i be k(1). Let x = p - i. What is the units digit of x?
0
Suppose 5*g - 27 - 68 = -5*f, 0 = 2*g - 10. Let t = f - 7. Suppose 3*j - 219 = 3*c, 2*c - t*c - 15 = 0. What is the units digit of j?
0
Let g(b) = 756*b - 89. What is the units digit of g(3)?
9
Let g(y) be the second derivative of 5*y**4/6 - 7*y**2/2 - 9*y. Let k be g(-3). Let v = k + -59. What is the units digit of v?
4
Let q = 11 + -7. Let w(f) = 4*f + 1. Let d be w(3). Let k = q + d. What is the tens digit of k?
1
Let z(o) = o - 7. Let v be (2 + 1)/(6/16). Let k be z(v). Suppose -2*s = -0*s + 4*f - 28, -f = -s - k. What is the units digit of s?
4
Let w(m) = m**3 + 11*m**2 - 14*m. Let y be (-8)/16*(23 - -1). Let v be w(y). Suppose -2*a + 6*a = v. What is the units digit of a?
6
Let w be (-12)/18*6/2. Let b(t) = -t**3 - 3*t**2 - t + 2. Let p be b(w). Suppose p*k + 24 = 3*k. What is the units digit of k?
8
Let j = -652 + 1600. What is the tens digit of j?
4
Let k(n) be the first derivative of -5*n**4/4 + 7*n**3/3 + 5*n**2/2 + 2*n + 15. What is the hundreds digit of k(-3)?
1
Let t = 1817 + -1225. What is the tens digit of t?
9
Let n(a) = a**2 + 7*a - 5. Suppose d - 3 = -11. Let k be n(d). Suppose 4*x - 36 - 15 = w, -k*w = 3*x - 42. What is the units digit of x?
3
Suppose 4*t - 5*x - 729 = 2*t, 5*t + 4*x = 1905. What is the hundreds digit of t?
3
Let d be (10/4)/((-8)/(-80)). Let o = d - 29. What is the tens digit of (0 - 56)/o + -1?
1
What is the hundreds digit of 2/(-6) + (-46610)/(-177)?
2
Let p(c) = 16*c**2 - 24*c + 1. What is the hundreds digit of p(-3)?
2
Let c(g) = 95*g**2 + 2*g - 1. Suppose -5*o + 3 = k, -2*k + 5 = o + 8. What is the tens digit of c(o)?
9
Suppose -6 = -9*l + 6*l, 5*x + l - 7427 = 0. What is the units digit of x?
5
Suppose 0 = 7*i - 2*i + 30. Let v be 27/9 - (i + 1). Suppose -v = -h - z, 0 = h + 5*z + 8 - 0. What is the units digit of h?
2
